- 11*k**3 + 4*k**3 + 610192 + k**2. Calculate j(-1).
8
Let p(z) = -23*z - 305. Let n be (-225)/18 - 47/94. What is p(n)?
-6
Let x = -2 + 1. Let h(q) = -123*q - 89. Let i(u) = 111*u + 79. Let g(w) = 8*h(w) + 9*i(w). Give g(x).
-16
Suppose w = 3*b - 10, -4 - 10 = -3*b + 5*w. Let j(n) = 0 + 1 + 2*n**3 - 2*n**2 - b*n + 4*n - 3*n**3. Suppose -10*i - 5*i = 15. Calculate j(i).
-1
Let o(l) = l**2 + 7*l + 2. Suppose 2*i + 0*i - 45 = -g, i - 21 = g. Let a be (54/12)/(-9) + i/(-4). Calculate o(a).
-4
Let b(q) be the third derivative of q**4/3 - 13*q**3/2 + 2*q**2 - 105*q - 1. Give b(13).
65
Suppose 2 = 2*u + 2*v, 9*u - 6*u + 5*v - 13 = 0. Let z be -3 - (u - 16/8). Let n(w) be the third derivative of -w**4/24 - w**3/6 - 2*w**2. Determine n(z).
-4
Suppose 1120 = 8*a + 64. Suppose a = 4*m - m. Let l = m - 43. Let w(j) = j**3 - j**2 + j. What is w(l)?
1
Let l = -314 + 319. Let z(m) = l - 2056*m + 2058*m + 10. Calculate z(-5).
5
Let c(q) be the first derivative of -3*q**2 + 99 + 1/4*q**4 - q**3 + 2*q. Suppose 4 = 2*t + 2*i, 0 = 4*t + 3*i - 6 - 5. What is c(t)?
22
Suppose 41*i = 33*i. Suppose 6*j + 2*j - 24 = i. Let q(p) = 2*p + p**2 + 9*p - j*p. Determine q(-7).
-7
Suppose d + 0*d - 96 = 33*d. Let x(j) = 2*j**3 + 8*j**2 + 2*j - 2. Determine x(d).
10
Let o = -2194 + 2196. Let w(j) be the first derivative of 10 - 1/3*j**3 - 4*j - 3/2*j**o. Give w(-3).
-4
Let q = 8610 - 8618. Let d(z) = -7*z - 51. Calculate d(q).
5
Let h(q) = -5*q + 12. Suppose 4 = 2*o + 2*w, -2*w + 19 = 4*o + 15. What is h(o)?
12
Let z(r) = r**2 + r + 4. Let d = 444 + -439. Suppose d*g + 3 = -h + 1, 0 = -2*g - 2. Determine z(h).
16
Let s(g) be the second derivative of -1/6*g**3 + 10 - 3*g**2 - 4*g. Give s(-6).
0
Let y(l) = l**2 + 14*l + 44. Suppose 9*z - 6*z = -9. Let w be 4 + (-1 - -34)*z/9. Let p be y(w). Let k(r) = -r**3 - 6*r**2 + 2*r + 6. Give k(p).
-29
Let f(o) be the first derivative of -29 + 1/3*o**3 - 2*o - o**2. Suppose -3*j + 10 = -8*j. What is f(j)?
6
Let j(i) = -4*i**2 + 31*i + 14 - 11*i - 2*i**2 + 2*i**2. Let q(t) = t**2 - 7*t - 5. Let y(z) = 2*j(z) + 7*q(z). Let g = -17 - -10. Give y(g).
7
Let w(l) = 93*l + 0 - 85*l - 4. Let r(i) = i - 9. Let j be r(6). Determine w(j).
-28
Let v(f) = f**3 + 6*f**2 - 5*f + 16. Suppose 108*b - 9*b + 651 = 6*b. What is v(b)?
2
Let i(f) = 14*f + 24. Let q = -26523 - -26515. Calculate i(q).
-88
Let n(x) = 246*x + 1972. Let k be n(-8). Let b(t) = -3*t**2 - 4*t + 10. Determine b(k).
-54
Let r(u) = 3*u + 24. Let p be r(-7). Let n(i) = -p*i + 5 - 6 + 2 + 4. Suppose -7*x + 12 = -4*x. What is n(x)?
-7
Suppose -3*t + 5*i = -6*t + 15, i = -0*i. Let m(b) = b**3 - 3*b**2 - 7*b - 12. Give m(t).
3
Let a(h) = 6*h - 9. Suppose -5*f + 45*f = 1640. Suppose 16*q + 75 = f*q. Calculate a(q).
9
Let l(w) = -w**3 - 7*w**2 + 7*w - 3. Let g(n) = n**3 + 8*n**2 - 10*n - 1. Let o be g(-6). Let z = o - 139. What is l(z)?
5
Let r(f) = -f - 19. Let g(b) = 10*b**2 + 649*b - 77. Let o be g(-65). Give r(o).
-7
Let o(k) = -39*k**2 - 4*k + 16. Let t be (-5)/(-20) - (-252)/(-48). Let s(u) = 47*u**2 + 3*u - 16. Let b(g) = t*s(g) - 6*o(g). Calculate b(7).
-2
Let u(s) = 95*s - 13*s - 27*s - 37*s - 9. Calculate u(3).
45
Let d(b) = 23*b - 444. Let f(u) = -16*u + 295. Let n(w) = -9*d(w) - 14*f(w). Calculate n(8).
2
Let q = -85 - -215. Let u = q - 135. Let l(w) = 2*w - 2*w + 5*w**2 + w**3 + w. Calculate l(u).
-5
Suppose 3*u + 4*f - 7 = 4, 3*u + 3*f = 9. Let q(y) = -12*y - 41. Let i(h) = h + 7. Let n(r) = 6*i(r) + q(r). Calculate n(u).
-5
Let x(m) = 21*m**2 + 23*m**2 + 3378*m**3 - 6 - 6*m - 38*m**2 - 3379*m**3. Let r(t) = -2*t + 9. Let s be r(2). What is x(s)?
-11
Suppose -13 = -4*d + u, 3*d - 2*u - 4 = 12. Let x be (0 + d)/((-6)/(-3)). Let o(m) = 7*m - 2. Calculate o(x).
5
Let c(b) = 165 + 2*b + 171 - 331 + 2*b. Let k be (-2)/(-3) - 26/(-6). Suppose 35 = 5*u - 5*a, u + 4*u - k = -5*a. What is c(u)?
21
Let m = -151 - -155. Suppose -14 = 5*s - m*b + 5*b, 0 = 5*s - b + 16. Let h(z) = z**2 + z - 4. Calculate h(s).
2
Suppose h + 74 = 36 + 59. Let t(x) = 4*x - 38. Calculate t(h).
46
Let u be (6/15)/(252/(-120) - -2). Let a(s) be the second derivative of s**5/20 + s**4/4 - s**3/2 + s**2/2 - 16*s. Give a(u).
-3
Let h = 108 - 144. Let l be (-18)/216 + (-3)/h. Let w(y) = -2*y - 5. Give w(l).
-5
Let d = 48 - 19. Suppose -36 = -h - d. Let u(q) = -q**3 + 9*q**2 - 11*q + 5. Calculate u(h).
26
Let c(b) be the first derivative of b**2 + 9*b - 319. Give c(10).
29
Let i(a) be the first derivative of 11*a**2 - 102*a + 180. Give i(4).
-14
Let b = -4 + 6. Suppose 0 = -3*s + 9, -7*k + 8*k - 43 = -s. Let p(t) = 0 - 5*t**b + 2*t - k*t**3 + 41*t**3 - 4. Calculate p(4).
-12
Let z(w) = w**3 + 3*w**2 + 3*w + 1. Let l be -7 + (-45)/(-9 + 6). Suppose -1 - l = -3*x, -x = -4*v - 11. Give z(v).
-1
Let r be 18/4*108/243. Let m(a) = 690*a**2 - 4*a - 3 - 1377*a**2 + 686*a**r. Suppose 4*u = -5*f - 11, 4*f + 2*u + 11 = 1. What is m(f)?
0
Suppose -4*s + 85 - 18 = g, 4*g - 226 = -2*s. Let l = -90 + g. Let c be (1 - (-25)/l) + 23/(-7). Let b(v) = v**2 + v + 4. What is b(c)?
10
Let z = -3168 + 3167. Let h(b) = -42*b**3 + b**2 + b + 1. Give h(z).
43
Let z(h) = h**2 - 11*h - 8. Let p = -1084 - -1096. Give z(p).
4
Let k(j) = j**3 + 8*j**2 + 3*j + 20. Let i = -1047 + 1039. Give k(i).
-4
Let s(q) = 10*q**3 + 26*q**2 - 15*q - 4. Let u(c) = 5*c**3 + 10*c**2 - 7*c - 2. Let v(j) = 2*s(j) - 5*u(j). Determine v(-1).
4
Let a(k) = -2*k**2 - 21*k - 7. Let r be a(-10). Suppose 2*t = r*j - 5, 2*t = 2*j - 7 + 1. Let q(b) = 3 - 2 - b**2 - 6*b**2. Give q(j).
-6
Let o(j) be the second derivative of -j**5/20 + 7*j**4/12 + j**3/3 - 5*j**2/2 + 391*j - 3. Determine o(6).
43
Let o(q) = 2*q**3 + 22*q**2 + 2*q + 24. Suppose -4*d + 10*a - 9*a - 47 = 0, -a = d + 8. What is o(d)?
2
Let s(r) = 3*r**2 - 7*r**2 + 9*r**2 - 33*r - 9 - 8*r**2. Calculate s(-11).
-9
Let q(k) = -4*k**3 - 4*k**2 + 4. Suppose -52 = -5*t + 31*t. Calculate q(t).
20
Let g be ((-10)/8)/((-60)/(-150))*8/(-60). Let u(a) be the second derivative of -g*a**4 + a**3 + 0 - 1/20*a**5 + 18*a + 3/2*a**2. Determine u(-6).
3
Let p(n) = 6*n**2 - 4*n. Suppose 11 - 64 = -16*z - 37. Determine p(z).
2
Let s be 4 - (-51)/(-15) - 37/(-5). Suppose 2*g - 8 = 2*r, -5*r - 5 - s = 2*g. Let j(w) = 4*w**2 - 2*w + 1. Determine j(g).
3
Suppose -d + 19 - 43 = 0. Let b be (8/d)/(3/(-27)). Let m(l) = -2 + l**2 + 0*l - b*l - 2*l**2. Calculate m(-3).
-2
Let q(n) = -5*n**2 + n**2 + 6 + 2*n**2 + 8*n + 1210*n**3 + 3*n**2 - 1211*n**3. Give q(4).
-10
Let k(g) = g**2 - 6*g + 5. Let i(c) = c - 25. Let d be i(21). Let w be (242/8)/((-1)/d). Let b = w - 115. Calculate k(b).
5
Let z(p) = -p**2 + 13*p + 2. Suppose g - 23 = -3*y, 304 = -3*g + 292. Calculate z(y).
38
Let l(c) = 24*c + 32*c - 112*c - 3 + 36*c + 33*c. Determine l(-5).
-68
Let b be 1/(4/(7 - -1)). Suppose -4*s = -14 - b. Let h(j) = s*j - 30 - 5*j + 17 + 15. Calculate h(5).
-3
Let x(f) = f + 1. Let b(d) = -2*d**2 + 11*d - 16. Let o be b(7). Let g = o + 43. Suppose -v = -0*v + g. Calculate x(v).
-5
Suppose 10 = 5*a + u, 3*u = -3*a - 0*u + 18. Let p be a - (0 + -2 - -1). Let d(g) = -13*g**2 + 21*g**2 + 11*g**p. Determine d(-1).
19
Let n = -34095 - -34095. Let x(q) be the second derivative of -1/2*q**4 + q**2 + n + 1/2*q**3 + 1/20*q**5 - 14*q. Give x(5).
-8
Let r(m) be the second derivative of 5*m**4/12 - 2*m**3 - m**2/2 + 12*m - 49. What is r(3)?
8
Let l(s) be the first derivative of -s**2/2 + 43*s - 1327. Give l(20).
23
Let c(q) = -7*q**3 + 5*q**2 - 11. Let l(k) = 3*k**3 - 3*k**2 + 5. Let i(v) = -2*c(v) - 5*l(v). Let y(j) = -j**2 - 10*j - 4. Let x be y(-9). What is i(x)?
-3
Let s(j) = 7*j + 42. Let h be ((-5)/1)/(-2 + 4)*-2. Determine s(h).
77
Let v be (-2277)/(-165) + (-18)/10 + 1. Let b(x) = -x**3 + 13*x**2 - 5. Give b(v).
-5
Let y(f) = 16*f - 1 - 11*f + 7*f**2 - 8*f**2. Let g = 27 + -23. Suppose -l + g*q + 24 = 0, q - 4 = -2*l - 1. Give y(l).
3
Let b(a) = -31*a + 14. Let g(w) = 153*w - 80. Let k(u) = -11*b(u) - 2*g(u). What is k(-2)?
-64
Let n(f) be the first derivative of -f**2/2 - 2*f + 5629. Give n(2).
-4
Let a(u) = -38*u + 30. Let r(i) = -44*i + 29. Let x(b) = 6*a(b) - 5*r(b). Give x(4).
3
Let n(z) = -z**3 - 15*z**2 - 39*z + 6. Let y be n(-12). Let c be ((-156)/y + 4)/((-1)/(-28)). Let g(x) = -5*x + 0*x**2 + x**2 - 10 - 2*x. Give g(c).
-2
Suppose 3*x = y + 10, -y - y